07*w - 21. What is v(-9)?
6
Let w(g) = g**2 + 49*g - 1428. What is w(20)?
-48
Let j(v) = -v**2 + 7*v - 37. Give j(17).
-207
Let c(t) = 3*t**2 - 52*t - 312. Determine c(22).
-4
Let a(f) = 20*f**2 - 575*f + 413. Give a(28).
-7
Let m(h) = 64*h + 116. What is m(4)?
372
Let j(r) = 17*r - 982. Give j(48).
-166
Let k(s) = -2765*s + 8235. What is k(3)?
-60
Let s(l) = -l**2 - 28*l - 43. Give s(-10).
137
Let k(j) = 42*j**2 - 287*j + 574. Give k(2).
168
Let y(o) = 34*o**3 - 23*o + 24. Calculate y(1).
35
Let n(d) = -d**2 - 64*d - 315. Determine n(-58).
33
Let p(l) = -5*l**2 + 39*l + 127. What is p(-3)?
-35
Let y(b) = 1112*b - 2861. Give y(3).
475
Let j(r) = 66*r - 1671. Determine j(25).
-21
Let u(x) = 59*x + 99. What is u(-2)?
-19
Let u(l) = l**3 + 53*l**2 - 345*l + 546. Give u(-59).
15
Let o(d) = 1268*d - 13945. Give o(11).
3
Let a(x) = 4*x - 157. Calculate a(31).
-33
Let b(l) = 18*l + 86. Give b(-8).
-58
Let h(m) = 20*m**2 - 156*m + 108. Give h(7).
-4
Let g(k) = k**2 + 104*k + 665. Calculate g(-7).
-14
Let p(s) = -s**3 + 27*s**2 + 29*s - 25. Give p(28).
3
Let h(z) = 59*z**2 + 534*z - 8. What is h(-9)?
-35
Let s(p) = -158*p - 1735. What is s(-11)?
3
Let z(x) = -36*x + 1619. What is z(45)?
-1
Let o(k) = k**3 - 110*k**2 + 286*k + 3750. What is o(107)?
5
Let y(u) = u**3 - 26*u**2 + 117*u - 232. Give y(21).
20
Let r(m) = -32*m - 31. Calculate r(4).
-159
Let b(a) = 11*a - 68. Give b(10).
42
Let z(o) = o**2 - 17*o - 33. Determine z(15).
-63
Let y(g) = 19*g**3 + 97*g**2 + 8*g - 17. Determine y(-5).
-7
Let r(w) = w**2 + 4872*w + 68010. What is r(-14)?
-2
Let x(z) = -115*z - 618. Calculate x(-10).
532
Let j(v) = 537*v + 3217. Give j(-6).
-5
Let s(v) = -v**3 - 8*v**2 + 2*v + 2. Give s(1).
-5
Let j(t) = t**2 - 7*t - 30. Determine j(8).
-22
Let u(v) = -1723*v + 10330. Determine u(6).
-8
Let n(b) = 153*b - 868. Calculate n(5).
-103
Let d(o) = -1989*o + 51727. Give d(26).
13
Let n(b) = b**2 - 26*b + 322. What is n(16)?
162
Let w(a) = 34*a**3 + 5*a**2 - 3. Calculate w(1).
36
Let j(a) = -17*a - 1288. Calculate j(-57).
-319
Let t(w) = 4*w**2 + 63*w + 214. Give t(-6).
-20
Let j(b) = b**2 - 298*b + 12405. Give j(50).
5
Let t(w) = -14*w - 264. Give t(-25).
86
Let f(s) = -26*s**3 + s**2 + 4*s + 6. What is f(-2)?
210
Let x(h) = -21*h**3 - 112*h**2 - 29*h + 32. Determine x(-5).
2
Let h(o) = -o**3 + 6*o**2 + 471*o + 106. Calculate h(25).
6
Let y(g) = 19*g + 49. Give y(7).
182
Let l(n) = 6*n**3 - 810*n**2 - n + 151. What is l(135)?
16
Let y(n) = -n**2 + 142*n - 1407. Determine y(11).
34
Let d(x) = -x**3 - 10*x**2 - 18*x + 42. Determine d(-9).
123
Let j(o) = -3*o**2 + 93*o + 89. What is j(32)?
-7
Let d(i) = -i**3 - 47*i**2 - 366*i + 58. What is d(-37)?
-90
Let q(k) = 3*k**2 - 14*k + 1. Determine q(3).
-14
Let m(s) = 239*s + 995. Calculate m(-4).
39
Let x(f) = 14*f - 42. Determine x(0).
-42
Let x(u) = -1090*u + 49050. Give x(45).
0
Let t(u) = 11*u**2 - 16*u - 49. Calculate t(-3).
98
Let r(f) = f**3 - 60*f**2 + 78*f - 1127. What is r(59)?
-6
Let b(w) = 3*w**2 - 170*w - 52. Calculate b(57).
5
Let c(f) = -12*f**2 + 10103*f + 10103. Determine c(-1).
-12
Let l(p) = -2*p**3 - 47*p**2 + 33*p + 127. Give l(-24).
-89
Let h(a) = 4*a + 3. What is h(-19)?
-73
Let s(k) = 11*k - 338. Calculate s(26).
-52
Let p(d) = 9*d**2 - d - 7. Calculate p(4).
133
Let c(j) = 1436*j - 2875. Determine c(2).
-3
Let u(g) = 386*g + 36317. Determine u(-94).
33
Let u(v) = v**3 + 65*v**2 - 228*v - 6307. What is u(-67)?
-9
Let z(l) = l**3 - 11*l**2 - 139*l + 209. Calculate z(18).
-25
Let b(y) = 4*y + 16. What is b(-5)?
-4
Let c(o) = -o**3 + 12*o**2 - 24*o - 6. What is c(11)?
-149
Let j(k) = 80*k + 1195. What is j(-16)?
-85
Let g(q) = -6*q**2 + 24*q - 14. What is g(5)?
-44
Let z(c) = -197*c - 20153. What is z(-102)?
-59
Let o(p) = -p**2 + 10*p + 710. Calculate o(32).
6
Let a(y) = -13*y + 166. What is a(17)?
-55
Let x(u) = -12*u**3 + 107*u**2 + 19*u - 100. Determine x(9).
-10
Let m(k) = 3450*k - 44847. Determine m(13).
3
Let i(x) = -1939*x - 11633. Give i(-6).
1
Let k(t) = t**3 + 4*t**2 - 13*t + 1. Calculate k(2).
-1
Let u(n) = -n**3 - 6*n**2 - 49*n + 8. Determine u(0).
8
Let z(g) = 13*g**2 + 6*g + 1. Determine z(6).
505
Let p(y) = -10*y + 150. Give p(12).
30
Let q(z) = z**3 + 15*z**2 - 7*z + 74. Give q(-15).
179
Let v(c) = c**3 + 26*c**2 + 68*c + 464. What is v(-24)?
-16
Let x(b) = -333*b + 1329. Calculate x(4).
-3
Let l(w) = -w**2 + 1532*w - 28716. Calculate l(19).
31
Let x(b) = -b**3 - 10*b**2 + 61*b + 436. Calculate x(-12).
-8
Let j(r) = 9*r + 85. What is j(-7)?
22
Let d(t) = -t**3 - 23*t**2 - 318*t - 8205. What is d(-24)?
3
Let k(u) = -u**3 - 17*u**2 + 49*u - 3. Give k(-20).
217
Let u(j) = j**3 - 51*j**2 + 3*j - 152. What is u(51)?
1
Let b(y) = 101*y - 297. Determine b(3).
6
Let v(d) = -d**2 - 10*d + 21. What is v(-12)?
-3
Let h(r) = -10*r - 704. Determine h(-51).
-194
Let b(d) = -d**2 + 418*d - 22923. Give b(65).
22
Let x(u) = -u**2 + 74*u - 903. Give x(57).
66
Let h(b) = -b**2 - 39*b - 114. Give h(-35).
26
Let y(x) = 3*x**3 + 3*x**2 - 2*x - 71. Give y(0).
-71
Let t(g) = -5*g**3 - 6*g - 16. Determine t(-3).
137
Let t(q) = -q**3 + 28*q**2 - 29*q + 56. Determine t(27).
2
Let k(s) = -405*s**2 - 2026*s. Determine k(-5).
5
Let m(o) = 20*o + 36. Give m(19).
416
Let k(g) = -170*g**2 + 2*g. Determine k(1).
-168
Let d(j) = 11*j**3 + 57*j**2 - 57*j + 2. Determine d(-6).
20
Let m(r) = r**3 + 32*r**2 + 32*r - 3. Calculate m(-31).
-34
Let p(w) = -10*w**2 - 91*w - 201. What is p(-5)?
4
Let w(y) = 2296*y**2 - 2293*y - 3. Determine w(1).
0
Let q(n) = -n**2 - 26*n - 308. What is q(-12)?
-140
Let n(t) = -3*t**2 - 183*t + 985. Give n(5).
-5
Let u(y) = y**3 - 35*y**2 - 162*y + 226. Determine u(39).
-8
Let x(s) = 740*s - 19240. Determine x(26).
0
Let j(h) = -h**2 + h - 73. What is j(11)?
-183
Let w(y) = -477*y - 1945. Give w(-4).
-37
Let x(w) = -w**3 - 140*w**2 - 121*w + 2497. Give x(-139).
-5
Let k(h) = -h**2 + 18*h + 1071. Calculate k(42).
63
Let a(o) = -12*o**2 + 107*o + 22. Calculate a(7).
183
Let r(o) = o**3 - 11*o**2 - 61*o - 314. What is r(16)?
-10
Let s(b) = -b**2 + 101*b - 2991. Give s(52).
-443
Let s(m) = -13*m - 992. Determine s(-77).
9
Let p(i) = 10*i - 37. Give p(9).
53
Let d(k) = 1101*k - 12118. Give d(11).
-7
Let u(o) = -o**3 + 30*o**2 + 3*o - 86. Give u(30).
4
Let d(n) = -13*n - 761. Give d(-57).
-20
Let t(g) = 2*g**3 + 22*g**2 + 13*g + 145. Give t(-11).
2
Let o(k) = -482*k - 4324. Calculate o(-9).
14
Let o(t) = t**2 - 508*t + 18285. Give o(39).
-6
Let k(a) = -a**3 + 127*a**2 + 1078*a - 19. Give k(-8).
-3
Let d(t) = -t**3 + 3*t**2 + 9*t + 4. Calculate d(-4).
80
Let q(d) = -549*d - 504. Give q(-1).
45
Let d(g) = 2*g**2 - 50*g - 268. Calculate d(-10).
432
Let s(h) = 118*h - 1363. Determine s(16).
525
Let v(j) = 14*j**3 - 2*j**2 - 10*j - 28. Give v(-3).
-394
Let f(j) = -5100*j + 5050. Calculate f(1).
-50
Let v(i) = 8*i**2 + 767*i - 874. Determine v(-97).
-1
Let j(d) = -14223*d + 71109. Determine j(5).
-6
Let m(z) = -6*z**3 + 119*z**2 + 18*z. Give m(20).
-40
Let u(l) = -l**3 - 26*l**2 - 18*l + 17. Give u(-25).
-158
Let h(a) = 3*a - 63. Determine h(12).
-27
Let l(h) = -5*h**3 + 4*h**2 + 5*h - 11. Give l(-3).
145
Let c(u) = 23*u + 38. What is c(-5)?
-77
Let o(j) = j**3 + 3*j**2 + 3*j + 178. What is o(0)?
178
Let w(r) = r**3 - 9*r**2 + 15*r + 9. Calculate w(3).
0
Let d(w) = -10*w - 524. What is d(-47)?
-54
Let o(v) = 67*v - 900. What is o(13)?
-29
Let i(f) = -f**2 + 12*f + 1335. What is i(-31)?
2
Let i(t) = 5*t**3 + 51*t**2 + 23*t + 14. What is i(-10)?
-116
Let g(c) = -c**3 + 5*c**2 + 77*c - 62. Give g(-9).
379
Let j(u) = 22*u**2 + 10*u + 14. Determine j(-2).
82
Let l(t) = 12*t**3 - 30*t**2 - 8*t - 25. Determine l(3).
5
Let s(f) = 3*f**2 + 544*f + 2174. What is s(-4)?
46
Let b(l) = l**2 + 80*l - 553. Give b(7).
56
Let z(k) = 3*k**3 - 20*k**2 + 21*k - 54. What is z(6)?
0
Let a(k) = -2*k**2 + 164*k - 3161. Calculate a(51).
1
Let u(s) = 4*s**3 - 5*s**2 - 4*s + 1. Give u(-3).
-140
Let l(f) = f**3 - 25*f**2 + 111*f - 139. Calculate l(3).
-4
Let i(s) = -166*s - 513. What is i(-3)?
-15
Let h(c) = -2022*c - 18198. Give h(-9).
0
Let y(a) = -3*a**3 - 38*a**2 - 12*a + 18. Calculate y(-11).
-455
Let d(o) = 102*o - 391. Calculate d(4).
17
Let z(r) = -r**3 + 15*r**2 - 43*r - 54. Calculate z(6).
12
Let y(o) = 3*o**2 + 3186*o + 9536. W